- b*g + 40. What is the remainder when n is divided by g?
5
Let k = -7 - -13. Let u(d) = -d**3 - 9*d**2 + 10*d + 4. Calculate the remainder when k is divided by u(-10).
2
Let n = 15 - 9. Suppose -d + n = 2. What is the remainder when 15 is divided by d?
3
Calculate the remainder when 9 is divided by (-17)/(-3) - (-2)/6.
3
Let s(f) = -f**3 - 6*f**2 + 5*f + 11. What is the remainder when 47 is divided by s(-7)?
22
Let p(j) = -j**3 + 6*j**2 + 13*j - 31. What is the remainder when p(6) is divided by 5?
2
Let b(d) = -6*d**3 + 1. Suppose g - 2 - 1 = 0. What is the remainder when b(-1) is divided by g?
1
Let x be -18*(4 + -5) + 2. Let k = x - 2. Calculate the remainder when k is divided by 7.
4
Let k(g) be the first derivative of g**3 - g + 6. Let b(p) = 9*p**2 - 4*p - 3. What is the remainder when b(-2) is divided by k(-2)?
8
Suppose i - 3*u + 2 - 1 = 0, -i = -2*u. What is the remainder when i is divided by 4 - (-3)/((-9)/6)?
0
Suppose -5*m + 3 = -2*q, -q - 3*m + 12 = -14. Let c = 51 + -21. What is the remainder when c is divided by q?
8
Let r = 7 - -14. What is the remainder when 76 is divided by r?
13
What is the remainder when 6/(-6)*-8*1*2 is divided by 6?
4
Suppose -3*h = h. Let w = h - -5. Suppose w*p = 3*z - 61, 0 = z - 5*p - 10 - 17. Calculate the remainder when z is divided by 6.
5
Suppose 4*o = 2*o + 156. What is the remainder when o is divided by 16?
14
Suppose 5*y - 15 = -0*y. Suppose -2*u + y*u = 2*g + 9, 3*u - 27 = -5*g. Calculate the remainder when 33 is divided by u.
6
Let b(t) = -4*t - 4. Let z be b(-4). What is the remainder when 34 is divided by z/30 + 116/10?
10
Let o(x) = 4*x + 22. What is the remainder when 6 is divided by o(-5)?
0
Calculate the remainder when (-1 + -5)*-5 + 1 is divided by 3/((-18)/8*3/(-36)).
15
Let j = -20 + 33. Calculate the remainder when j is divided by 3.
1
Suppose 2 = -5*p + 127. What is the remainder when 47 is divided by p?
22
Let k = -8 + 5. Calculate the remainder when 7 is divided by 3 - (k + 3/3).
2
Let n = 2 - 5. Let v be -1*(-2)/n*3. Calculate the remainder when 22 is divided by (-28)/6*-3 + v.
10
Suppose -3*f = 5*f - 632. What is the remainder when f is divided by 22?
13
Let t be (-135)/25 + (-2)/(-5). Calculate the remainder when 43 is divided by (1*-1)/(t/55).
10
Let s(c) = -8*c - 10. What is the remainder when 40 is divided by s(-3)?
12
Suppose 0 = 12*k - 4*k - 272. What is the remainder when k is divided by 13?
8
Suppose 11*k = 13*k - 24. Calculate the remainder when 84 is divided by -2 + k/3 - -27.
26
Suppose -4*d + 464 + 360 = 0. What is the remainder when d is divided by 13?
11
Let t be 5/((-30)/(-4))*759. Suppose 5*s = -q + t, 4*s - 3*q = s + 318. What is the remainder when s is divided by 26?
24
Suppose -77 - 11 = -11*t. Calculate the remainder when t is divided by 5.
3
Let w = 21 - 8. Let h(t) be the third derivative of t**4/12 + t**3/6 + 6*t**2. Calculate the remainder when w is divided by h(2).
3
Suppose 67 = 3*o + d + 18, -d - 41 = -2*o. Suppose -5*y + o + 257 = 0. What is the remainder when y is divided by 19?
17
Suppose 0 = 9*x - 5*x - 148. Calculate the remainder when 109 is divided by x.
35
Let w = 28 + 0. What is the remainder when w is divided by ((-15)/4)/(1/(-4))?
13
Suppose 0*b - 17 = -v - 3*b, 3*b = -2*v + 31. Let i(c) = 3*c + c**3 + 9 - 4*c**2 + 7 - 16. Calculate the remainder when i(5) is divided by v.
12
Let y(z) = -z**2 + z + 1. Let n be y(5). Let g = n - -37. Calculate the remainder when 52 is divided by g.
16
Suppose 4*z - 6 = 2. Suppose -24 = -0*x - z*x. Calculate the remainder when 46 is divided by x.
10
Let z be (-3 - (1 - 3))*2. Calculate the remainder when (-3)/(-2) - (-1)/z is divided by 1.
0
Suppose z + 2*u - 41 = -7, u - 134 = -5*z. Calculate the remainder when z is divided by 7.
5
Let a = -36 + 85. Calculate the remainder when a is divided by 17.
15
Let r be (-4 - 3/(-3))*-7. Let d = 51 - r. Calculate the remainder when d is divided by 16.
14
Suppose 2*o + 5*a - 302 = 0, 2*a + 784 = 3*o + 2*o. Suppose -j - 5*x = -26 - 26, 3*j - o = 4*x. Let w = 5 - -13. Calculate the remainder when j is divided by w.
16
Let r(c) = -16*c. Let a be r(-2). Let u = -19 + a. Calculate the remainder when u is divided by 5.
3
Let u = -40 + 42. Suppose 0 = -h + 4 - 0. Suppose t - 3 = 4*d - 9, 0 = h*t - 5*d + 2. What is the remainder when u is divided by t?
0
Let q(r) = -r**2 + 8*r - 9. Let t = -10 - -14. Calculate the remainder when t is divided by q(6).
1
Let d = -34 + 68. Calculate the remainder when d is divided by 12.
10
Let u = 12 - 3. Let v(f) = -f + 4. Let b be v(u). Let x(p) = p**2 + 3*p - 4. Calculate the remainder when 11 is divided by x(b).
5
Let i = 3 + 25. Suppose 13 = -5*n + 38. Suppose 40 = 5*z - n*k, -3*z + 2*k + 7 = -19. What is the remainder when i is divided by z?
8
What is the remainder when 10 is divided by ((0 - 2)*4)/(-2)?
2
Let s = 15 + -4. What is the remainder when 29 is divided by s?
7
Suppose 4*t - 168 = -z, 5*t - 185 = 6*z - z. Calculate the remainder when t is divided by 11.
8
Calculate the remainder when 226 is divided by (-144)/(-15) - -2 - 4/(-10).
10
Let a be (-20)/(-6)*12/10. What is the remainder when 32 is divided by (-132)/(-8) - (-2)/a?
15
Let g be 6/14 - 180/(-21). Suppose g*k = 12*k - 57. What is the remainder when 35 is divided by k?
16
Calculate the remainder when 75 is divided by 3/(15/20) + 16.
15
Suppose 3*y - 120 = 6. Calculate the remainder when y is divided by 22.
20
Suppose 2*l + 0*l - 2 = 0. Let q = l + -6. Let j = 17 + q. Calculate the remainder when j is divided by 7.
5
Suppose 14 = 2*f - k, 4 + 22 = 3*f + k. Suppose -3*l = -g - f + 3, -1 = l + g. What is the remainder when 11 is divided by 2 + 1*(l + 1)?
3
Let x(c) = c**3 - 21*c**2 - 20*c - 30. What is the remainder when 68 is divided by x(22)?
12
Let o(w) = w**2 - 5*w + 3. Let b be o(3). Let n = 58 - b. What is the remainder when n is divided by 16?
13
Suppose 6 = 3*d - 0*d. Let a(u) = -u + 0 - u**3 + 0*u - 1 - d*u**2. What is the remainder when 1 is divided by a(-2)?
0
Let b = -7 + 11. Suppose -a + 2 = 0, -b*a + 8 = 2*g - 0*g. Suppose g = -0*t - t + 13. What is the remainder when t is divided by 5?
3
Suppose 6*z = 42 - 18. What is the remainder when z is divided by 2?
0
Let l(r) = 3*r - 7*r + 6 + 0*r**2 - 8*r - r**2. Let g(p) = p**3 - 4*p**2 - 4*p + 6. Let k be g(4). Calculate the remainder when l(k) is divided by 14.
12
Let d(l) = -l**3 - 5*l**2 - 2*l - 5. Let j be d(-5). Suppose 0 = -j*p - 5*b + 10 - 5, -2*b - 4 = 0. What is the remainder when 8 is divided by p?
2
Suppose -69 = -4*o - 4*s + 35, 2*s = -3*o + 73. Let n = o + 4. Calculate the remainder when n is divided by 13.
12
Suppose 3*i - 2*h - 19 = 0, 3*h + 22 = 3*i + 4*h. Calculate the remainder when 97 is divided by i.
6
Let v(k) be the second derivative of -k**4/12 + 2*k**3 - 3*k**2/2 + 2*k. What is the remainder when 23 is divided by v(11)?
7
Let t = 9 + 0. Suppose 75 = 68*w - 65*w. Calculate the remainder when w is divided by t.
7
Let y = -193 + 129. Calculate the remainder when (3 - 0)*y/(-6) is divided by 11.
10
Suppose -5*b - 4 + 114 = 0. Let z = 0 + 1. Calculate the remainder when -2 + z + -2 + b is divided by 10.
9
Let y be (-4)/(-2) + (0 - -34). Suppose -y = -3*f + 27. Suppose -5*m - 4*j + 25 = 0, -4*j = -4*m + 5 - f. Calculate the remainder when 2 is divided by m.
0
Let a(n) = 3*n - 4*n - 4 + 3*n. Let z be a(4). Suppose -z*v - 15 = v, 0 = -4*x - 5*v + 25. What is the remainder when x is divided by 4?
2
Suppose -z = 3*f - 89, 2*z + 97 = 3*f + z. Suppose -3*a + 33 = 3*l, -4*a + 20 = 15*l - 14*l. Calculate the remainder when f is divided by l.
7
Let m(c) = -2*c + 4*c - 1 + 8*c. Let h(o) = -2*o**3 + o**2 - 2*o + 1. What is the remainder when h(-2) is divided by m(1)?
7
What is the remainder when 264/10 + (12/(-5))/6 is divided by 7?
5
Let v(c) = -c**3 - 8*c**2 + 1. Let m be v(-8). Let g = m - -3. Suppose -4*h + 5*w = g*w - 84, -3*w = -h + 32. What is the remainder when h is divided by 11?
9
Let t(g) = g**2 + 40. Suppose 2*a - 87 = -4*j + 3*a, 3*j - 69 = 2*a. What is the remainder when t(0) is divided by j?
19
Let f = 27 - 3. What is the remainder when 95 is divided by f?
23
Let t be 7*(-1)/1*-1. Let y(v) = -v + 9. Let m be y(t). Let i = m + 0. Calculate the remainder when 4 is divided by i.
0
Let p be (10/(-1